{"id":96,"date":"2021-02-17T18:23:18","date_gmt":"2021-02-17T17:23:18","guid":{"rendered":"http:\/\/visualiaopticas.com\/?page_id=96"},"modified":"2025-07-24T19:08:22","modified_gmt":"2025-07-24T18:08:22","slug":"contacto","status":"publish","type":"page","link":"https:\/\/visualiaopticas.com\/index.php\/contacto\/","title":{"rendered":"Contacto"},"content":{"rendered":"<p>[et_pb_section fb_built=\u00bb1&#8243; _builder_version=\u00bb4.16&#8243; global_colors_info=\u00bb{}\u00bb][et_pb_row _builder_version=\u00bb4.16&#8243; background_size=\u00bbinitial\u00bb background_position=\u00bbtop_left\u00bb background_repeat=\u00bbrepeat\u00bb global_colors_info=\u00bb{}\u00bb][et_pb_column type=\u00bb4_4&#8243; _builder_version=\u00bb4.16&#8243; custom_padding=\u00bb|||\u00bb global_colors_info=\u00bb{}\u00bb custom_padding__hover=\u00bb|||\u00bb][et_pb_text _builder_version=\u00bb4.16&#8243; background_size=\u00bbinitial\u00bb background_position=\u00bbtop_left\u00bb background_repeat=\u00bbrepeat\u00bb global_colors_info=\u00bb{}\u00bb custom_padding=\u00bb0px|||||\u00bb]<!-- divi:paragraph --><\/p>\n<p>\u00bfNecesitas ayuda o tienes alguna pregunta sobre tu salud visual o nuestros productos? En VISIALIA \u00d3PTICAS estamos aqu\u00ed para ti. Puedes contactarnos f\u00e1cilmente por <b>tel\u00e9fono <\/b>\u00a0en el <b><span style=\"background-color: #ffffff; font-size: 16px;\">6<\/span><span style=\"font-size: 16px;\">556<\/span><span style=\"font-size: 16px;\">88080<\/span> <\/b>para una atenci\u00f3n directa y personalizada, por WhatsApp en ese mismo n\u00famero, o enviarnos un <b>correo electr\u00f3nico<\/b> a <a href=\"mailto:contacto@visualiaopticas.com\">contacto@visualiaopticas.com<\/a> con tu consulta. Nos comprometemos a responderte con la mayor brevedad posible, ofreci\u00e9ndote el mismo nivel de <b>profesionalidad y cercan\u00eda<\/b> que encontrar\u00edas en nuestro establecimiento f\u00edsico. Tu comodidad es nuestra prioridad.<\/p>\n<p>&nbsp;<\/p>\n<p>&nbsp;<\/p>\n<p>&nbsp;<\/p>\n<p>&nbsp;<\/p>\n<p>&nbsp;<\/p>\n<p>&nbsp;<\/p>\n<p>&nbsp;<\/p>\n<p>&nbsp;<\/p>\n<p>&nbsp;<\/p>\n<p>&nbsp;<\/p>\n<p>&nbsp;<\/p>\n<p>&nbsp;<\/p>\n<p>&nbsp;<\/p>\n<p>&nbsp;<\/p>\n<p>&nbsp;<\/p>\n<p>&nbsp;<\/p>\n<p>&nbsp;<\/p>\n<p>&nbsp;<\/p>\n<p>&nbsp;<\/p>\n<p>&nbsp;<\/p>\n<p>&nbsp;<\/p>\n<p><!-- \/divi:paragraph -->[\/et_pb_text][\/et_pb_column][\/et_pb_row][\/et_pb_section]<\/p>\n","protected":false},"excerpt":{"rendered":"<p>\u00bfNecesitas ayuda o tienes alguna pregunta sobre tu salud visual o nuestros productos? En VISIALIA \u00d3PTICAS estamos aqu\u00ed para ti. Puedes contactarnos f\u00e1cilmente por tel\u00e9fono \u00a0en el 655688080 para una atenci\u00f3n directa y personalizada, por WhatsApp en ese mismo n\u00famero, o enviarnos un correo electr\u00f3nico a contacto@visualiaopticas.com con tu consulta. Nos comprometemos a responderte con [&hellip;]<\/p>\n","protected":false},"author":1,"featured_media":0,"parent":0,"menu_order":0,"comment_status":"closed","ping_status":"closed","template":"","meta":{"_et_pb_use_builder":"on","_et_pb_old_content":"<!-- wp:paragraph -->\n<p>Esta es una p\u00e1gina con informaci\u00f3n de contacto b\u00e1sica, como la direcci\u00f3n y el n\u00famero de tel\u00e9fono. Incluso puedes probar un plugin para a\u00f1adir un formulario de contacto.<\/p>\n<!-- \/wp:paragraph -->","_et_gb_content_width":"","_joinchat":[],"footnotes":""},"class_list":["post-96","page","type-page","status-publish","hentry"],"_links":{"self":[{"href":"https:\/\/visualiaopticas.com\/index.php\/wp-json\/wp\/v2\/pages\/96","targetHints":{"allow":["GET"]}}],"collection":[{"href":"https:\/\/visualiaopticas.com\/index.php\/wp-json\/wp\/v2\/pages"}],"about":[{"href":"https:\/\/visualiaopticas.com\/index.php\/wp-json\/wp\/v2\/types\/page"}],"author":[{"embeddable":true,"href":"https:\/\/visualiaopticas.com\/index.php\/wp-json\/wp\/v2\/users\/1"}],"replies":[{"embeddable":true,"href":"https:\/\/visualiaopticas.com\/index.php\/wp-json\/wp\/v2\/comments?post=96"}],"version-history":[{"count":3,"href":"https:\/\/visualiaopticas.com\/index.php\/wp-json\/wp\/v2\/pages\/96\/revisions"}],"predecessor-version":[{"id":230,"href":"https:\/\/visualiaopticas.com\/index.php\/wp-json\/wp\/v2\/pages\/96\/revisions\/230"}],"wp:attachment":[{"href":"https:\/\/visualiaopticas.com\/index.php\/wp-json\/wp\/v2\/media?parent=96"}],"curies":[{"name":"wp","href":"https:\/\/api.w.org\/{rel}","templated":true}]}}